factors of 1753226034?
2, 3, 7, 41743477
List the prime factors of 23230507.
3343, 6949
What are the prime factors of 1259505477?
3, 46648351
List the prime factors of 539975976.
2, 3, 22498999
List the prime factors of 85217525.
5, 317, 10753
List the prime factors of 71233792.
2, 7, 127, 313
List the prime factors of 1078369768.
2, 7, 167, 115309
What are the prime factors of 2291794773?
3, 23, 137, 242441
List the prime factors of 613706217.
3, 23, 1321, 6733
What are the prime factors of 687686632?
2, 4241, 20269
List the prime factors of 1591476161.
11, 587, 246473
List the prime factors of 39002395.
5, 7800479
What are the prime factors of 16710377?
16710377
What are the prime factors of 86429758?
2, 43214879
What are the prime factors of 84360335?
5, 16872067
List the prime factors of 1824074189.
7, 260582027
What are the prime factors of 11513076?
2, 3, 71, 13513
List the prime factors of 972957.
3, 324319
List the prime factors of 345039780.
2, 3, 5, 2153, 2671
List the prime factors of 983397809.
983397809
What are the prime factors of 79985694?
2, 3, 113, 117973
What are the prime factors of 39391692?
2, 3, 3282641
What are the prime factors of 91211937?
3, 83, 366313
List the prime factors of 214826470.
2, 5, 41, 199, 2633
What are the prime factors of 1905465177?
3, 7, 11, 2749589
What are the prime factors of 9114703?
13, 17, 41243
What are the prime factors of 1070830706?
2, 11, 31, 431, 3643
What are the prime factors of 432163606?
2, 7, 23, 733, 1831
List the prime factors of 82624369.
17, 19, 255803
List the prime factors of 345633093.
3, 13, 2954129
What are the prime factors of 91643198?
2, 523, 87613
List the prime factors of 896016546.
2, 3, 599, 27701
List the prime factors of 162003293.
101, 1231, 1303
List the prime factors of 129491101.
67, 1932703
List the prime factors of 97431027.
3, 37, 229, 3833
List the prime factors of 69218628.
2, 3, 17, 339307
What are the prime factors of 3007856432?
2, 7, 41, 655021
What are the prime factors of 3133805685?
3, 5, 29, 41, 73, 83
List the prime factors of 180447995.
5, 7, 13, 23, 43, 401
What are the prime factors of 84363812?
2, 13, 89, 18229
What are the prime factors of 1903752175?
5, 13, 5857699
What are the prime factors of 826017480?
2, 3, 5, 47, 16273
What are the prime factors of 55413340?
2, 5, 2770667
List the prime factors of 4655400034.
2, 7213, 322709
List the prime factors of 2592393023.
11, 431, 463, 1181
List the prime factors of 899065.
5, 179813
What are the prime factors of 23492946?
2, 3, 17, 139, 1657
What are the prime factors of 58215989?
13, 4478153
What are the prime factors of 797486210?
2, 5, 157, 507953
List the prime factors of 125531131.
11, 11411921
What are the prime factors of 3059299031?
2063, 1482937
What are the prime factors of 194025480?
2, 3, 5, 11, 146989
List the prime factors of 2405996182.
2, 19, 2797, 22637
List the prime factors of 117778737.
3, 17, 331, 6977
What are the prime factors of 1402457430?
2, 3, 5, 11, 23, 184777
List the prime factors of 409299201.
3, 45477689
What are the prime factors of 1481028902?
2, 71, 10429781
What are the prime factors of 868071861?
3, 4877, 19777
List the prime factors of 2726876058.
2, 3, 17, 191, 139969
List the prime factors of 110107713.
3, 523, 70177
What are the prime factors of 2050330493?
53, 197, 359, 547
What are the prime factors of 13436825?
5, 53, 10141
What are the prime factors of 1004400750?
2, 3, 5, 421, 3181
List the prime factors of 43456446.
2, 3, 11, 149, 491
What are the prime factors of 694175536?
2, 43385971
List the prime factors of 94351.
94351
What are the prime factors of 248740281?
3, 157, 58679
List the prime factors of 3589214.
2, 19, 29, 3257
List the prime factors of 3185653111.
23, 11717, 11821
List the prime factors of 620554486.
2, 269, 937, 1231
List the prime factors of 53757149.
101, 532249
List the prime factors of 68966322.
2, 3, 307, 37441
List the prime factors of 6421482475.
5, 256859299
What are the prime factors of 8309887?
2797, 2971
What are the prime factors of 738137805?
3, 5, 149, 223, 1481
List the prime factors of 529966499.
529966499
List the prime factors of 16502272.
2, 167, 193
List the prime factors of 32670614.
2, 19, 131, 6563
List the prime factors of 83002240.
2, 5, 53, 2447
What are the prime factors of 35318392?
2, 691, 6389
List the prime factors of 2031520059.
3, 367, 615053
What are the prime factors of 15792598?
2, 7896299
What are the prime factors of 1944987921?
3, 29, 2081, 3581
What are the prime factors of 1265755505?
5, 7, 739, 6991
List the prime factors of 356933702.
2, 499, 357649
What are the prime factors of 28199529?
3, 43, 107, 227
List the prime factors of 47016366.
2, 3, 29, 270209
What are the prime factors of 427359410?
2, 5, 42735941
List the prime factors of 48942874.
2, 24471437
What are the prime factors of 2370564195?
3, 5, 157, 1006609
List the prime factors of 1843919.
7, 11, 311
What are the prime factors of 2670897432?
2, 3, 7, 59, 269461
List the prime factors of 25411125.
3, 5, 67763
What are the prime factors of 115728168?
2, 3, 4822007
List the prime factors of 372761350.
2, 5, 13, 573479
List the prime factors of 18700023.
3, 6233341
List the prime factors of 4915680.
2, 3, 5, 7, 11, 19
List the prime factors of 165458928.
2, 3, 139, 24799
List the prime factors of 735010976.
2, 7, 127, 3691
List the prime factors of 18550821.
3, 19, 325453
List the prime factors of 457628798.
2, 11, 41, 507349
What are the prime factors of 136333233?
3, 661, 7639
What are the prime factors of 835076236?
2, 37, 5642407
What are the prime factors of 3641349027?
3, 1213783009
What are the prime factors of 239074140?
2, 3, 5, 1753, 2273
What are the prime factors of 3044072753?
1289, 2361577
List the prime factors of 913094115.
3, 5, 19, 1553, 2063
What are the prime factors of 195473009?
2647, 73847
List the prime factors of 36864412.
2, 13, 41, 17291
What are the prime factors of 70015256?
2, 8751907
What are the prime factors of 279653916?
2, 3, 107, 433, 503
What are the prime factors of 105663112?
2, 593, 22273
List the prime factors of 4925374290.
2, 3, 5, 79, 25657
List the prime factors of 525205779.
3, 7, 53, 149, 3167
List the prime factors of 1907059328.
2, 37, 281, 1433
List the prime factors of 1882240.
2, 5, 17, 173
List the prime factors of 98731573.
29, 3404537
What are the prime factors of 35402759?
7, 1579, 3203
What are the prime factors of 1737084465?
3, 5, 149, 449, 577
What are the prime factors of 3529924518?
2, 3, 588320753
What are the prime factors of 641956966?
2, 7, 691, 66359
What are the prime factors of 501601342?
2, 11, 23, 29, 34183
List the prime factors of 66193760.
2, 5, 413711
What are the prime factors of 22410850?
2, 5, 7, 11, 5821
What are the prime factors of 5091203157?
3, 23, 73, 677, 1493
List the prime factors of 1221377405.
5, 173, 1411997
What are the prime factors of 103125314?
2, 281, 183497
What are the prime factors of 33817873?
269, 125717
What are the prime factors of 46712227?
46712227
What are the prime factors of 107501174?
2, 11, 1039, 4703
List the prime factors of 219580666.
2, 41, 101, 26513
List the prime factors of 51876282.
2, 3, 17, 73, 6967
List the prime factors of 2677925584.
2, 3643, 45943
What are the prime factors of 24669077?
4297, 5741
List the prime factors of 19698298.
2, 53, 185833
List the prime factors of 1257255188.
2, 7, 53, 179, 4733
List the prime factors of 706963335.
3, 5, 13, 278881
List the prime factors of 366325674.
2, 3, 11, 13, 109, 3917
List the prime factors of 665891930.
2, 5, 11, 6053563
What are the prime factors of 125565530?
2, 5, 97, 129449
What are the prime factors of 541373992?
2, 19, 3561671
List the prime factors of 170702526.
2, 3, 29, 981049
List the prime factors of 3908786248.
2, 19, 1571, 16369
What are the prime factors of 3044770285?
5, 608954057
What are the prime factors of 110275863?
3, 79, 465299
List the prime factors of 541662986.
2, 29, 223, 41879
List the prime factors of 787136911.
11, 71557901
What are the prime factors of 1314146633?
1314146633
What are the prime factors of 320226188?
2, 71, 1127557
What are the prime factors of 33039934?
2, 16519967
List the prime factors of 524593520.
2, 5, 1